remainder when 11 is divided by x?
5
Let b(o) be the first derivative of 4*o**2 - o - 2. Let d = 2 + 1. What is the remainder when b(1) is divided by d?
1
Let y(c) = c**3 - c**2 - 3*c - 3. Suppose -32 = -4*m + 28. Calculate the remainder when m is divided by y(3).
3
Suppose -4*b = -6*b + 8. Suppose -b*t + 3*t = 0. Suppose 68 = 5*y - 2*x - 2*x, -x - 2 = t. Calculate the remainder when y is divided by 7.
5
Let h(r) = -r**3 + r**2 - 2*r + 3. Let x be h(2). Let f = x - -7. Calculate the remainder when 3 is divided by f.
1
Let y = 16 + -27. Let q(c) = c**2 + 6*c + 5. What is the remainder when q(y) is divided by 21?
18
Calculate the remainder when 62 is divided by -1 + 1 + -4 + 20.
14
Calculate the remainder when 19 is divided by (-6)/15*-5 - -9.
8
Suppose -n - 20 = -5*n. Suppose 16 = n*w + 6. Calculate the remainder when (-266)/(-35) - (-3)/(-5) is divided by w.
1
Suppose h = 5*g + 25, 0*g = -2*h + 2*g + 18. Suppose l = -5*j - 10 + 2, 24 = 3*l + 3*j. Calculate the remainder when l is divided by h.
2
Let a(c) = c**2 - 2*c + 9. Calculate the remainder when a(7) is divided by 16.
12
Let p(b) = b**2 - 8*b + 6. Let s be p(6). Let r(g) = g**3 + 7*g**2 + g + 2. What is the remainder when r(s) is divided by 11?
10
Let p(t) = 2 + 2*t + 4*t - 5 + 8. What is the remainder when p(3) is divided by 13?
10
Suppose 12 - 2 = 2*n. Calculate the remainder when 18 is divided by n.
3
Let j(v) = -v**3 + 8*v**2 + 4*v - 5. Suppose -2*n - 23 = 14*b - 17*b, 0 = -n - 1. What is the remainder when j(8) is divided by b?
6
Let r = 17 - 13. Let k(v) = v**2 - v + 7. Calculate the remainder when k(r) is divided by 12.
7
Suppose o + 21 = 73. Calculate the remainder when o is divided by 15.
7
Let x(u) be the first derivative of u**3/3 + 2. Calculate the remainder when x(3) is divided by 4.
1
Suppose 24*c = 4*c + 320. Calculate the remainder when 60 is divided by c.
12
Let l = -12 - 14. Suppose 4*r + 2*n = -156, 3*n - 156 = -0*r + 4*r. Let j = l - r. What is the remainder when 25 is divided by j?
12
What is the remainder when 48 + (-4)/(-2) + 9 + -12 is divided by 7?
5
Let v = -42 - -61. Calculate the remainder when v is divided by 10.
9
Suppose -x + 169 = 2*l + 4*x, -5*x + 445 = 5*l. Calculate the remainder when l is divided by 24.
20
Let b = 45 - 31. Let i = 26 - b. Suppose 2*l = -2*l + i, -5*l = -p + 40. What is the remainder when p is divided by 19?
17
Let m = 88 + -48. What is the remainder when m is divided by 14?
12
Let k(c) = 3*c**2 - c + 2. What is the remainder when k(3) is divided by 10?
6
Let g(i) = -11*i + 1. Calculate the remainder when g(-4) is divided by 16.
13
Let i be (0 - 8)*2/(-4). Suppose 0 = 3*a + 12, -3*u + a + 6 = -u. Let z = u + i. Calculate the remainder when 18 is divided by z.
3
Suppose -47*i = -52*i + 190. Let w = 18 + -10. What is the remainder when i is divided by w?
6
Let i be -2 + (-18)/(-3) + 1. Suppose i*y - 35 = 3*o + 2*o, 6 = 2*y. Let j(n) = -n**3 - 4*n**2 - 6*n - 5. Calculate the remainder when 36 is divided by j(o).
17
Let a be (-4)/(32/(-66))*8. Suppose -c = -5*h - 2*c + 203, 5*h + 2*c = 206. Let t = a - h. Calculate the remainder when t is divided by 14.
12
Suppose 3*a + 7 = 5*q, -q + 5 = 2*a + 1. Calculate the remainder when ((-55)/(-10))/(q/4) is divided by 3.
2
Suppose 0 = -4*l - 19 + 111. Calculate the remainder when 67 is divided by l.
21
Let i be ((-3)/(-2))/((-2)/(-4)). Suppose 17 = 2*v + i. Suppose h - 15 = -3*x + 21, -3*h = -x + 22. Calculate the remainder when x is divided by v.
6
Suppose l - 3*j - j + 3 = 0, 32 = 4*l - 5*j. What is the remainder when 38 is divided by l?
12
Let v be (-2 + 1 - -1) + 0. Let z = 1 - v. What is the remainder when z is divided by 1?
0
Let n(q) = -q**3 - 2*q**2 + 2*q - 1. Let p be n(-3). Suppose p*s + s - 3*i = 18, -s - 2*i = -9. Let k(t) = -t. What is the remainder when s is divided by k(-3)?
1
Let r = 4 + -6. Let o(q) = -5*q - 2. What is the remainder when (-54)/(-3) + 3 + 1 is divided by o(r)?
6
What is the remainder when 35 is divided by -6*30/(-9) + -2?
17
Let a = -187 + 263. Calculate the remainder when a is divided by 26.
24
Let m = 42 - 20. Suppose 4*h = 4*f + 176, 0 = 5*h + f - 286 + 78. What is the remainder when h is divided by m?
20
Suppose -74 = 7*w - 88. What is the remainder when w is divided by 1?
0
Suppose -f = -3*z - 11, 0 = 4*f - 4*z + 1 - 37. Calculate the remainder when 21 is divided by f.
5
Calculate the remainder when (-144)/(-14) + (-2)/7 is divided by ((-33)/(-9) + -1)*3/2.
2
What is the remainder when (-20)/(-90) - 268/(-9) is divided by 8?
6
Let j = 183 + -175. Calculate the remainder when 37 is divided by j.
5
Let i = -89 - -119. Calculate the remainder when 89 is divided by i.
29
Let u be -3*3*6/(-27). Let x(d) = 0*d + 40 + 3*d - u*d. Calculate the remainder when x(0) is divided by 14.
12
Let x(w) = w**3 + w**2 + 3. Let b be x(0). Let d be b/((-1)/((-1)/(-1))). What is the remainder when 5 is divided by (-1)/d + (-16)/(-6)?
2
Let h be ((-2)/(-6))/((-5)/(-1005)). Suppose -h - 11 = -3*m. Calculate the remainder when m is divided by 14.
12
Let t(q) = q**3 + 5*q**2 - 9*q - 8. What is the remainder when 109 is divided by t(-5)?
35
Suppose -155 = -4*b + 5*d - 499, -3*d = -12. Let i = b + 115. Calculate the remainder when i is divided by 9.
7
Let t(o) = -o**3 - 2*o**2 - 6*o + 5. Let u be t(-5). Calculate the remainder when 47 is divided by u/7 + (-4)/(-14).
15
Calculate the remainder when 216/8 - (-1 + -2) is divided by 9.
3
Let y = -6 - -19. Suppose r - 80 = -15*r. Calculate the remainder when y is divided by r.
3
Suppose -j + 2*j - 10 = 0. Let b = j - 5. Let l(z) = -z**3 - 4*z**2 + 3. What is the remainder when b is divided by l(-4)?
2
Suppose -5*s - 5*h + 80 = 0, 55 = 3*s + h + 3. Calculate the remainder when s is divided by 7.
4
Let x(n) = -n**3 - 18*n**2 + 18*n + 8. Calculate the remainder when 106 is divided by x(-19).
25
Suppose -4*z - 93 - 107 = 0. What is the remainder when z/(-3) - (-18)/(-27) is divided by 6?
4
Let v = -2 + 2. Suppose -3*p + 5*p - 26 = v. Calculate the remainder when (-2 - (-4 + 2)) + 38 is divided by p.
12
Let h(x) = -x**2 + 6*x + 3. Let p be h(6). Let j = p - -22. Let r = 32 - 19. What is the remainder when j is divided by r?
12
Suppose -5*b + 60 = r, r - 84 = -r - b. Calculate the remainder when r is divided by 21.
19
Suppose -2*u = u - 15. Suppose 0 = u*f - 106 - 39. Calculate the remainder when 55 is divided by f.
26
Let x(l) = l. Let v be x(-3). What is the remainder when 42 is divided by ((-11)/v)/(4/12)?
9
Let x(s) = s**3 + 8*s**2 + 8*s + 1. Calculate the remainder when x(-6) is divided by 9.
7
Let m(p) = 5*p - p + 3 + 3. Let n be m(-4). Calculate the remainder when 9 is divided by (1 + -3)*n/4.
4
Let w(d) = 7*d + 8. Suppose 30 = n + n. Calculate the remainder when w(7) is divided by n.
12
Suppose -2*z = 3*l + 2*l + 106, 2*z - 5*l = -106. Let i = -19 - z. Calculate the remainder when i is divided by 12.
10
Suppose -l - 2 + 5 = 0. Suppose 0 = 5*q + 2*j - 83, 4*j = -l*q - 2*q + 91. Calculate the remainder when q is divided by 8.
7
Calculate the remainder when 32 is divided by 4 + (12 - -2) + -1.
15
Suppose 25 = k - d, -2*k - 4*d = -k - 30. What is the remainder when k is divided by 10?
6
Suppose -3*p = -8*p + 220. Let c(u) = u**3 + 15. What is the remainder when p is divided by c(0)?
14
Let x(c) = -3*c - 4. Let u be 2*1/2 - 8. What is the remainder when x(u) is divided by 9?
8
Suppose 19*s = 24*s - 290. Calculate the remainder when s is divided by 15.
13
Suppose -2*b + 29 = l, -4*l + 80 = -b - 0*b. Let o = 65 + -54. What is the remainder when l is divided by o?
10
Let w = 595 - 345. Suppose -2*c - w = -7*c. Suppose 6 = 3*i - 33. Calculate the remainder when c is divided by i.
11
Suppose 3*y - 2*i - 8 = 0, 4*y - 2 = -3*i + 3. Let r(p) = p**3 + 5*p**2 + 3*p - 2. Calculate the remainder when r(-3) is divided by y.
1
Suppose -2*l = -4*v - 33 + 1, 5*v + 3*l + 18 = 0. Let q = 6 - v. Calculate the remainder when q is divided by 7.
5
Suppose 2*x - 2*v + 0*v - 26 = 0, 2*x + 5*v - 40 = 0. Let c = -28 + x. Let k = 0 - c. Calculate the remainder when k is divided by 7.
6
Let o(z) = -18*z - 1 + 2*z + 0*z. Let x be o(-1). Calculate the remainder when (2 - (-3 - -3)) + x is divided by 6.
5
Let i(n) = n**3 + 9*n**2 - 11*n - 11. Let g be i(-10). Let p = -10 + 15